der when 48 is divided by t(u)?
8
Suppose 3*t + 3*x - 36 = 0, 3*x = 3*t - 7*t + 53. Let r = t + -1. What is the remainder when (-171)/(-6) + (-1)/(-2) is divided by r?
13
Suppose 1 = -f + 3. Let t(s) = -s**3 - 8*s**2 + 9*s + 5. What is the remainder when t(-9) is divided by f?
1
Suppose -7*r = -9*r + 8. Let y = r - -1. Calculate the remainder when (-12)/(-2*1/2) is divided by y.
2
What is the remainder when 169 is divided by 57 - (-2)/(-4)*0/2?
55
Let q(d) = 3*d + d**3 - 9 + 8 - 6*d**2 + 8. Calculate the remainder when q(7) is divided by 26.
25
Let i = 10 + -6. Suppose -j + 2 = -9. Suppose -3*u + j = -10. Calculate the remainder when u is divided by i.
3
Let h(w) = -1 + 0*w + 3*w - 2*w. Calculate the remainder when h(14) is divided by 8.
5
Let l(c) = 10*c**2 + 2*c + 1. What is the remainder when (-160)/(-6) + 4/(-6) is divided by l(-1)?
8
Let c(h) = h**3 + h**2 + 5. Suppose 0 = -0*y + 2*y. Calculate the remainder when 13 is divided by c(y).
3
Suppose 3*c + 2 = -k + 9, 0 = 4*k + 20. Let o = -20 + 28. What is the remainder when o + 0 - 4/2 is divided by c?
2
Let a(d) = -d**3 + 2*d**2 + 2*d - 1. Calculate the remainder when 41 is divided by a(-2).
8
Calculate the remainder when 82 - (5 - (1 - -4)) is divided by 14.
12
What is the remainder when 2/(((-3)/(-747))/((-5)/(-15))) is divided by 42?
40
Let z(t) = t**2 - t + 18. What is the remainder when 53 is divided by z(0)?
17
Let w = 28 + 1. Suppose 0 = 2*u - o - 42, 4*u + 40 - 120 = 3*o. Suppose -2*g + u + w = 0. What is the remainder when g is divided by 14?
12
Let a = 32 + -19. Let n = a - 7. Calculate the remainder when 1*7/((-21)/(-30)) is divided by n.
4
What is the remainder when 20 is divided by (-2)/(-2 + 60/35)?
6
Let m = 70 + -48. Let d = m + -11. Calculate the remainder when 42 is divided by d.
9
Suppose 5*a = -f + 331, 3*a - 2*f = 7*a - 260. Let p = a + -43. What is the remainder when p is divided by 9?
6
Let m(v) = 2*v - 1. Let w be m(2). Suppose 0*t + 21 = w*t. Suppose -t = -x + 4. Calculate the remainder when 21 is divided by x.
10
Suppose 0 = -o - 3 + 13. What is the remainder when (-42)/(-5)*20/6 is divided by o?
8
Let q(f) = 6*f - 2. Let a(r) = 3*r - 2 + 0*r + 0*r - r. Calculate the remainder when q(4) is divided by a(5).
6
Let h(x) be the first derivative of 3*x**2/2 - 3*x - 1. What is the remainder when h(3) is divided by 4?
2
Suppose -2*l + 5*f = -8, -2*l + 0*l + 3*f = -16. Let c(k) = -k**2 + 7*k - 2. What is the remainder when l is divided by c(5)?
6
Let l = 5 + 3. Let n be -2 - (4 - (4 - 2)). Let b = l + n. Calculate the remainder when b is divided by 3.
1
Suppose q - 2*b - 38 = -q, 2*q - 4*b - 32 = 0. Calculate the remainder when 86 is divided by q.
20
Let o(a) = -2*a**3 - a**2 - 4*a - 7. Calculate the remainder when o(-3) is divided by 26.
24
Let u = -163 + 244. What is the remainder when u is divided by 78/351 - 187/(-9)?
18
Suppose 0*u + 105 = 3*u + 3*r, 2*u - 3*r = 95. Let x = -25 + u. What is the remainder when x is divided by 4?
3
Let w(r) = -r**3 + 5*r**2 - 2*r - 5. Let y be w(4). Let k(f) = -f**2 + f + 1. Let a be k(y). Let o = a - -10. Calculate the remainder when 8 is divided by o.
3
Let d(c) = 3*c**3 - 3*c + 1. Suppose z = 2*z - 4. Suppose -s + z = s. What is the remainder when d(s) is divided by 7?
5
What is the remainder when (12 - 0)/(3/3) is divided by ((-1)/4*21)/(21/(-28))?
5
Let p = -4 - -7. Suppose -p*t - 3*v = -5*t + 23, -2*t = -4*v - 20. What is the remainder when t is divided by 9?
7
Let n(x) = x**2 + 2*x + 22. What is the remainder when n(-11) is divided by 43?
35
Let x(z) = 3*z - 2. Let f be x(2). Let l be 2 - f/2 - 6. Let r = l - -10. What is the remainder when 7 is divided by r?
3
Let d(u) = u**3 + 9*u**2 + 8*u + 8. Let h be d(-8). Suppose -h*q + 5*q + 57 = 0. What is the remainder when q is divided by 11?
8
Let x(s) = 2*s**2 - 14*s + 17. Let f(n) = -n**2 + 7*n - 8. Let k(z) = 7*f(z) + 3*x(z). Calculate the remainder when k(4) is divided by 4.
3
Let w = 45 - 27. What is the remainder when w is divided by 7?
4
Calculate the remainder when (12 + (-2)/1)*24/40 is divided by 60/14 + 4/(-14).
2
Let y(p) = p**2 + 7*p + 6. Calculate the remainder when -47*-1*(4 + -3) is divided by y(-9).
23
Suppose -2*k + 12 = 2*l, -3*l + 11 = -5*k + 1. Calculate the remainder when 3 is divided by k.
0
Let i be 6/2 - 18/3. Let l be (-2)/18*i*6. Suppose -4*x + 3*w + 17 = -23, 3*w = -l*x + 38. Calculate the remainder when 25 is divided by x.
12
Let m = -9 + 6. What is the remainder when 43 is divided by (1/m)/((-7)/231)?
10
Suppose 5*h - 157 = -4*n, -n + 1 = -5*h - 7. Suppose -n = -4*t - 9. What is the remainder when 11 is divided by 4/(t/3) - -1?
2
Suppose 0 = 5*s - 5*r + 25, -5*s - 2 - 23 = -4*r. Let k(w) = -3*w - 1. Let p(j) = -9*j**3 - j**2. What is the remainder when k(s) is divided by p(-1)?
6
Let z(i) = i**3 - 5*i**2 + 6*i - 4. Calculate the remainder when 6 is divided by z(4).
2
Let u(i) = -9*i - 4. Let j be u(-6). Let t = -13 + 8. Calculate the remainder when ((-12)/t + -2)*j is divided by 7.
6
Let g be (-13)/(-2) + (-2)/4. Suppose -b - 100 = -g*b. Let h = -20 + 31. What is the remainder when b is divided by h?
9
Suppose -8*w + 104 = -4*w. Calculate the remainder when 101 is divided by w.
23
Let s = 1 + 5. Calculate the remainder when (0 + 0 - -1)*22 is divided by s/15 + (-116)/(-10).
10
What is the remainder when (-6)/15 + 1085/25 is divided by 9?
7
Suppose 0 = -3*f + 16 - 1. Suppose -f*i + 239 = -4*z, 3*i - 97 = -2*z + 64. Calculate the remainder when i is divided by 13.
12
Suppose 0 - 8 = -4*l. Let j(b) = -4*b + 6 - 5 - l - b. What is the remainder when 7 is divided by j(-1)?
3
Let n(t) = t**3 - 2*t**2 + 2*t - 3. Let k be n(2). Let p = 3 + k. Suppose 0*x = a + 4*x - 23, 0 = 4*x - 12. What is the remainder when a is divided by p?
3
Let v(j) = -6*j + 4 - 9*j + 0. Let g = 24 + -2. What is the remainder when v(-4) is divided by g?
20
Suppose -3*w = 4*q - 10, -4*w + 38 = -4*q + 6. Calculate the remainder when 4 is divided by -2*-3*3/w.
1
Suppose -h = 3*c - 2*h - 4, 0 = 3*c - 4*h + 11. Suppose -23 = -c*i + 19. What is the remainder when i is divided by 5?
4
Suppose -v - 5*v + 318 = 0. Let n(i) be the second derivative of i**3/2 - i. Calculate the remainder when v is divided by n(6).
17
Let q(u) = -u**3 - 3*u**2 + 3*u + 4. Suppose m - 2*w + 0*w + 7 = 0, -5*m - 4*w + 21 = 0. What is the remainder when 25 - (m - (-3 + 2)) is divided by q(-4)?
7
Let r(n) = n**2 + 5*n + 50. What is the remainder when 146 is divided by r(0)?
46
Suppose 2*j - j = p + 12, j - 4*p - 21 = 0. Suppose -l - 8 = a - 27, -4*a + 5*l + 121 = 0. What is the remainder when a is divided by j?
6
Suppose 2*w = 7 - 1. Suppose 12 = 4*s - 36. Calculate the remainder when 23 is divided by ((-2)/w)/((-1)/s).
7
Let t(v) = 9*v + 1. Let y = -3 - -5. Let l be t(y). Suppose u - l = -5. What is the remainder when 41 is divided by u?
13
Suppose -3*a + 4*z = -107 - 116, 0 = 4*a - 3*z - 295. Let j = -39 + a. Calculate the remainder when j is divided by (1 - -12) + -2 + 1.
10
Let a = 22 + -14. Suppose 2*v = 5*z - 83, 5*z + 4*v - 91 = a*v. Let y(i) = 28*i**3 - i**2 + 1. Calculate the remainder when y(1) is divided by z.
13
Let c be 1*(1 - 2)*-3. Let n(m) = m**2 - 4*m - 3. Calculate the remainder when 6/c + -1 + 1 is divided by n(5).
0
Let o(c) = -2*c - 3. Let w = 40 - 19. Suppose 0 = -5*h + 231 - w. What is the remainder when h is divided by o(-9)?
12
Suppose o = 19*o - 162. What is the remainder when 60 is divided by o?
6
Calculate the remainder when 432/15 - (-4)/20 is divided by 15.
14
Let a be (-156)/(-60) - 2/(-5). Suppose -110 = -4*w + a*w. What is the remainder when w is divided by 28?
26
Suppose 3*s + 2*c - 11 = c, -c - 14 = -2*s. Suppose -w + 67 = -l + 3*l, -5 = s*w. Let x = -3 + 15. Calculate the remainder when l is divided by x.
10
Let w(x) = x - 3. Suppose 2*z + 1 + 0 = u, 5*u - 29 = 4*z. Let y = 27 - 16. What is the remainder when y is divided by w(u)?
5
Let m(t) = -t - 1. Let n be m(-6). Suppose -n*y + 108 + 107 = 0. Suppose -w + 2*w = 15. What is the remainder when y is divided by w?
13
Let a(l) = -14*l - 3 + 24*l + 0 - l**2. Let r = 19 + -9. Calculate the remainder when a(7) is divided by r.
8
Let g(j) = j. Let p be g(3). Suppose -b = -3*w + 5*w - p, -5*w + 8 = 2*b. Calculate the remainder when (-1)/(2